5
Suppose 0 = 67*k + 72 + 7 + 55. Let d(w) = -40*w - 11. Give d(k).
69
Let l(m) = 6*m**3 + 5*m**2 + 10*m - 15. Let s(v) = -5*v**3 - 3*v**2 - 9*v + 13. Let r(h) = 4*l(h) + 5*s(h). What is r(4)?
1
Let v(i) = 2*i**2 - 5. Let p = 40 - 44. Suppose 16 - 10 = 2*z. Let r(h) = 2*h**2 + h - 4. Let o(u) = p*r(u) + z*v(u). What is o(-3)?
-5
Let m(y) be the third derivative of 5/8*y**4 + 0 + 0*y - 23*y**2 - 1/6*y**3. Give m(-1).
-16
Let u = 202 + -198. Let b(h) = 4 + 14*h**2 - 5*h**2 - 4*h**2 + 13*h - u*h**2. Give b(-13).
4
Let l(a) be the second derivative of a**5/20 - 9*a**4/4 - 4*a**3 - 67*a**2 - 1142*a - 2. Calculate l(28).
-22
Let p(d) = -d**3 + 34*d**2 + 73*d - 35. Let b be p(36). Let q(x) = 0*x + 2*x - b - x + 4*x - 2*x. Calculate q(-6).
-19
Let o(p) = -p + 1. Let y(d) = 5*d - 4. Suppose 11*w - 55 = -33. Let x(s) = w*y(s) + 11*o(s). What is x(0)?
3
Let l(o) = -6 - o - 9 + 4. Let x be (-4)/2*4/(-8)*(-350)/50. Determine l(x).
-4
Let r = 7752 - 7757. Let w(m) = -2*m**2 + m**3 + 4*m + 0*m**3 + 8*m**2 + 3. Calculate w(r).
8
Let n(q) = q - 11. Let f(c) = 5*c**2 - 51*c + 9. Let a be f(10). Let d(i) = -6*i + 46. Let b(p) = a*d(p) - 4*n(p). Let m be (1/1)/((-2)/(-6)). Determine b(m).
4
Let y(c) = c - 13. Suppose 26 = h + 19. Let z be y(h). Let j(b) = -2*b - 8. Determine j(z).
4
Let u(t) be the second derivative of t**8/6720 - t**7/1260 + t**6/360 - t**5/120 - t**4/3 - t**3/3 + 37*t. Let f(k) be the third derivative of u(k). Give f(2).
3
Let x(n) = n**2 + 2*n. Let a(g) = 12*g**2 - g - 7. Let u(s) = -a(s) + 2*x(s). Let c(f) = -7*f**2 + 4*f + 5. Let o(w) = -7*c(w) + 5*u(w). Calculate o(-5).
-10
Let m = -10 + 12. Suppose -m*u + 0 = 2*t - 2, 0 = u. Let w(q) be the third derivative of q**6/120 + q**4/24 + 2*q**2 + 340. Calculate w(t).
2
Suppose 7*o - 3*o - 3*q = 123, 5*o + 4*q - 146 = 0. Suppose 2*d - 18*m = -22*m + o, -4*d + 45 = 3*m. Let c(l) = l**2 - 8*l + 1. Determine c(d).
10
Let d(p) be the second derivative of -p**8/3360 - p**7/2520 + p**6/144 + p**5/30 - 14*p**4/3 + 36*p. Let i(g) be the third derivative of d(g). What is i(-3)?
34
Let z = 17 - -3. Suppose -25*g + z*g = -50. Let w(b) = 2*b**2 - 5 - g + 11 + 2*b + 0*b. What is w(-4)?
20
Let h = 15 - 13. Suppose 2*t = -3*f + 104, 0*f - 5*t + 73 = h*f. Let v be 4/34 - (-166)/f. Let x(p) = p - 4. What is x(v)?
1
Let b(v) = -v**3 + 4*v**2 + 3*v - 5. Suppose 0 = -619*m + 616*m + 12. Determine b(m).
7
Let p(f) be the second derivative of f**8/6720 - f**7/504 + f**6/240 + f**5/40 - 7*f**4/2 + 31*f - 2. Let u(j) be the third derivative of p(j). Calculate u(4).
-1
Let m(y) = -37 - 14*y + 55 + 33 + 2*y**2 - 37. Give m(7).
14
Let w(m) = 123 + 3*m + 123 - 367 + 131. Let v(l) = 2*l. Let y(a) = -v(a) + w(a). Determine y(7).
17
Let n(w) = -28*w + 266. Let j(z) = -63. Let i(v) = -4*j(v) - n(v). Give i(1).
14
Let x be (24/16)/((-1)/(-6)). Suppose 5*m = -4*y - 12, -3*m - x = -0*y + 3*y. Let l(g) = g**3 + 5*g**2 + 3*g. Calculate l(y).
9
Let n(b) be the third derivative of b**6/30 + 2*b**5/15 + 5*b**4/12 + b**3/6 - 3*b**2 + 373. What is n(-1)?
-5
Let z(u) = -21. Let x(l) = l**3 - 10*l**2 + 18*l - 20. Let d be x(8). Let i(q) = -q + 46. Let o(v) = d*i(v) - 9*z(v). What is o(-2)?
-3
Let z be 20/(-60)*-24*1. Suppose x + 2*x = 3*v + 9, -v = 4*x + z. Let r be ((-4)/(-10))/(((-4)/x)/(-40)). Let t(f) = f + 2. Determine t(r).
-2
Suppose 19*b = -p + 20*b + 24, 2*b = -2. Suppose -p*z + 1 = 1. Let d(m) = m**2 + 10. What is d(z)?
10
Let i(x) = 12*x**3 - 1. Suppose 5 + 1 = -3*a. Let o(b) = 53*b + 52*b - 196*b + 45*b + 49*b + 7. Let s be o(a). Calculate i(s).
11
Let g(y) = -2*y**3 + 13*y**2 + 19*y - 52. Let h(u) = u**3 - 14*u**2 - 6*u + 51. Let o(i) = -2*g(i) - 3*h(i). Calculate o(-17).
2
Let u(d) = 4*d**2 + 27*d + 80. Let i(o) = -o**2 - o + 12. Let n(j) = 3*i(j) + u(j). What is n(-6)?
8
Let f(p) = p**3 + p**2 - 16*p - 9. Let d be ((-20)/75)/(40/(-60))*(-1 - 9). Determine f(d).
7
Let r(f) = -f**3 + 6*f**2 - 12*f + 13. Suppose 4*i + 2*m - 22 = 0, m = 14*i - 2*m - 47. What is r(i)?
-3
Let d be (-4)/6 - 4/(-6). Let z = -7 - d. Let m(h) = 52887 + 22*h - 21*h - 52883. Calculate m(z).
-3
Let z be (-8)/2*12/(-8). Let p(h) be the second derivative of 1/2*h**2 + 0 + 1/12*h**4 - 9*h - 3/2*h**3. Calculate p(z).
-17
Let t(u) = u**2 - 9*u - 10. Let g(l) = -3*l - 77. Let m be g(-25). Let y be -2 + (-4)/m - -3. Suppose -5*v + q - 4 = -50, 0 = 2*v - y*q - 8. Determine t(v).
0
Let r be (-4 + 5)/((-1)/(-2)). Let i(g) = r*g**2 - 6*g - g + g - 2. Suppose -55 = 39*p - 50*p. What is i(p)?
18
Let u(h) = h**2 + 12*h - 42. Let f(g) = -2*g**2 + 197*g - 495. Let k be f(96). What is u(k)?
3
Let b(c) = 4*c**3 - 31*c**2 - 13*c + 35. Let t be b(8). Let i(r) = 11*r + 55. What is i(t)?
0
Let n(u) = -75*u**2 + 408*u + 1090. Let l(i) = 21*i**2 - 117*i - 311. Let a(m) = 18*l(m) + 5*n(m). Give a(24).
-4
Let g(n) = 2*n**3 - 16*n**2 - 7*n - 15. Suppose 0 = -3906*s + 3901*s - 2*q + 63, s - 36 = -3*q. Give g(s).
84
Let u(a) = -12*a + 63. Suppose -54*g + 5*p + 20 = -50*g, 4*p = -2*g + 10. Give u(g).
3
Let c(n) = 30*n + 458. Let j(m) = -13*m - 199. Let h(o) = 7*c(o) + 16*j(o). What is h(-10)?
2
Let b = 5 + -6. Let h(j) be the third derivative of j**2 + 0*j**3 + 0*j + 8 + 1/24*j**4. Determine h(b).
-1
Let h(m) = 17*m**2 - m - 136. Let n(g) = -47*g**2 + 2*g + 407. Let c(x) = -11*h(x) - 4*n(x). What is c(10)?
-2
Suppose -28 = 22*c - 19*c + 5*j, -3*c - j = 20. Let m(d) = -2*d**2 - 16*d - 14. Determine m(c).
10
Suppose 9*a - 4*a - l = 20, 20 = 4*l. Suppose -a*f = -0*f - 2*w + 35, -2*f - 4*w - 14 = 0. Let n(v) = v**3 + 6*v**2 - 6*v - 10. What is n(f)?
-17
Let n be (1 - 1) + (12 + -2 - 7). Let c(w) = 288 + w**n - 5*w - w**2 - 288. Let j be c(3). Let v(s) = -s**2 + 4*s + 3. Determine v(j).
6
Let l be 24/32 + 339/(-12)*-1. Suppose l = 5*x - 2*g - g, -6 = -3*g. Let h(f) = -f**3 + 6*f**2 + 6*f + 7. Give h(x).
0
Let j be 2*((-15)/(-4))/(24/16). Suppose -3*k - j*k = -24. Let h = k - -1. Let r(l) = -l + 4. Determine r(h).
0
Suppose -4*r - 1 = -s, -s - 22 = 5*r - 5. Let o(v) = 2*v**2 + 50*v + 96. Determine o(r).
4
Let v(w) be the second derivative of 2*w**4/3 - w**3/3 + w**2 - 78*w. Let b(o) = 11*o**2 - 2*o + 2. Let x(p) = 4*b(p) - 5*v(p). Calculate x(2).
18
Let x be (1 + -6)*(-12)/(-10). Let d(r) = 134 - 69 - 64. Let t(j) = j + 9. Let n(k) = -2*d(k) + t(k). Determine n(x).
1
Let y(k) = 7*k**2 - 127*k + 10. Let h be 10/100 - (-1790)/100. Determine y(h).
-8
Let g(d) be the second derivative of -d**3/6 + 4*d**2 + 189*d. Calculate g(5).
3
Let y(s) = -s**3 + 31*s**2 + s - 19. Let r = 551 - 520. Determine y(r).
12
Let i(d) = -46*d + 367. Let g(f) = -93*f + 794. Let h(p) = 4*g(p) - 9*i(p). Give h(3).
-1
Suppose -6858 = 214*u + 28*u + 12*u. Let d(b) = 2*b**2 + 47*b - 189. What is d(u)?
0
Let d(u) = -12*u - 116. Let o(t) = 18*t + 177. Let h(v) = 7*d(v) + 5*o(v). What is h(0)?
73
Suppose a - 5*o + 1 = -2*a, -5*o = 20. Let s(q) be the third derivative of -q**5/60 - q**4/3 - 5*q**3/6 - 3083*q**2. Calculate s(a).
2
Suppose -21 = -2*b - 13. Let t(m) be the third derivative of m**5/60 + m**4/24 + 2*m**3/3 - 4*m**2. Let l(z) be the first derivative of t(z). Determine l(b).
9
Let x(g) = -9*g**2 - 15*g + 1. Let d be x(-1). Let n(y) = 11*y + 17. What is n(d)?
94
Let z(j) be the second derivative of -5*j**3/3 - 3*j**2/2 - 3*j + 141. Determine z(-4).
37
Let b(g) = -g**3 + 80*g**2 - 5*g - 9. Let i(l) = 2*l**3 - 132*l**2 + 11*l + 19. Let r(k) = 5*b(k) + 3*i(k). Determine r(-3).
-3
Let p(u) = -2*u**3 + 2. Suppose -5*j + 119 + 6 = 0. Let t be (12/(-15))/(1*(-10)/j). What is p(t)?
-14
Let p = -11265 + 11272. Let x(b) = 16*b - 116. What is x(p)?
-4
Let b(j) = 2*j**3 + 21*j**2 - 16. Let y be b(-9). Let t = -227 + y. Let n(s) = -s**2 + s - 17. Calculate n(t).
-17
Let s(o) be the first derivative of -o**4/4 - 3*o**3 - 7*o**2 + 10*o - 96765. Suppose -2*x - 11 - 3 = 0. What is s(x)?
10
Let i(d) = -d - 4. Suppose -24*b + 27*b + 3*x - 24 = 0, 4*x - 24 = -2*b. Let r be b/(-28) + 52/(-28). Determine i(r).
-2
Let g(k) be the third derivative of -k**5/60 + 5*k**4/24 - 73*k**3/6 + 6000*k**2. Calculate g(0).
-73
Let p(a) = a**3 - 9*a**2 + 8*a + 1. Let m = -53 + 58. Suppose 228 = -j + 4*j - m*r, -j = -2*r - 76. Suppose 0 = j*q - 80*q + 32. What is p(q)?
1
Let b(m) = 80*m**2 - 51*m + 109. Let f(y) = -29*y**2 + 17*y - 36. Let z(l) = 4*